{"id":439,"date":"2024-12-09T17:00:09","date_gmt":"2024-12-09T16:00:09","guid":{"rendered":"https:\/\/demo.hashthemes.com\/total-plus\/construction\/?page_id=439"},"modified":"2024-12-12T17:23:12","modified_gmt":"2024-12-12T16:23:12","slug":"charpente-ossature-bois","status":"publish","type":"page","link":"https:\/\/www.mcl-menuiseries.com\/22\/activites\/charpente-ossature-bois\/","title":{"rendered":"Charpente &#038; ossature bois"},"content":{"rendered":"\t\t<div data-elementor-type=\"wp-page\" data-elementor-id=\"439\" class=\"elementor elementor-439\">\n\t\t\t\t<div class=\"elementor-element elementor-element-167ef11 e-con-full e-flex e-con e-parent\" data-id=\"167ef11\" data-element_type=\"container\" data-e-type=\"container\">\n\t\t<div class=\"elementor-element elementor-element-0adcd88 e-con-full e-flex e-con e-child\" data-id=\"0adcd88\" data-element_type=\"container\" data-e-type=\"container\">\n\t\t\t\t<div class=\"elementor-element elementor-element-7dfc7d5 elementor-widget elementor-widget-image\" data-id=\"7dfc7d5\" data-element_type=\"widget\" data-e-type=\"widget\" data-widget_type=\"image.default\">\n\t\t\t\t<div class=\"elementor-widget-container\">\n\t\t\t\t\t\t\t\t\t\t\t\t\t\t\t<img fetchpriority=\"high\" decoding=\"async\" width=\"1800\" height=\"1200\" src=\"https:\/\/www.mcl-menuiseries.com\/22\/wp-content\/uploads\/2024\/12\/Slide3-MCL-charpente-traditionnelle.jpg\" class=\"attachment-full size-full wp-image-1177\" alt=\"\" srcset=\"https:\/\/www.mcl-menuiseries.com\/22\/wp-content\/uploads\/2024\/12\/Slide3-MCL-charpente-traditionnelle.jpg 1800w, https:\/\/www.mcl-menuiseries.com\/22\/wp-content\/uploads\/2024\/12\/Slide3-MCL-charpente-traditionnelle-300x200.jpg 300w, https:\/\/www.mcl-menuiseries.com\/22\/wp-content\/uploads\/2024\/12\/Slide3-MCL-charpente-traditionnelle-1024x683.jpg 1024w, https:\/\/www.mcl-menuiseries.com\/22\/wp-content\/uploads\/2024\/12\/Slide3-MCL-charpente-traditionnelle-768x512.jpg 768w, https:\/\/www.mcl-menuiseries.com\/22\/wp-content\/uploads\/2024\/12\/Slide3-MCL-charpente-traditionnelle-1536x1024.jpg 1536w\" sizes=\"(max-width: 1800px) 100vw, 1800px\" \/>\t\t\t\t\t\t\t\t\t\t\t\t\t\t\t<\/div>\n\t\t\t\t<\/div>\n\t\t\t\t<\/div>\n\t\t\t\t<\/div>\n\t\t<div class=\"elementor-element elementor-element-ec72560 e-flex e-con-boxed e-con e-parent\" data-id=\"ec72560\" data-element_type=\"container\" data-e-type=\"container\">\n\t\t\t\t\t<div class=\"e-con-inner\">\n\t\t<div class=\"elementor-element elementor-element-3f20ef2 e-con-full e-flex e-con e-child\" data-id=\"3f20ef2\" data-element_type=\"container\" data-e-type=\"container\">\n\t\t\t\t<div class=\"elementor-element elementor-element-4b14bc3 elementor-widget elementor-widget-text-editor\" data-id=\"4b14bc3\" data-element_type=\"widget\" data-e-type=\"widget\" data-widget_type=\"text-editor.default\">\n\t\t\t\t<div class=\"elementor-widget-container\">\n\t\t\t\t\t\t\t\t\t<h4>Charpentes traditionnelles et modernes<\/h4><p>Le savoir-faire en charpente de <strong>MCL<\/strong> s&rsquo;\u00e9tend de la r\u00e9novation \u00e0 la cr\u00e9ation de structures robustes, esth\u00e9tiques et durables. Qu&rsquo;il s&rsquo;agisse de charpentes traditionnelles ou modernes, chaque projet est r\u00e9alis\u00e9 avec une attention particuli\u00e8re apport\u00e9e aux finitions, \u00e0 la propret\u00e9 du chantier et au traitement des d\u00e9chets.<\/p><p>R\u00e9novation de charpentes : le savoir-faire de <strong>MCL<\/strong> inclut \u00e9galement la r\u00e9novation et le renforcement des charpentes existantes, assurant leur durabilit\u00e9 et leur conformit\u00e9 aux normes de s\u00e9curit\u00e9 actuelles.<\/p>\t\t\t\t\t\t\t\t<\/div>\n\t\t\t\t<\/div>\n\t\t\t\t<\/div>\n\t\t\t\t\t<\/div>\n\t\t\t\t<\/div>\n\t\t<div class=\"elementor-element elementor-element-71a479e e-flex e-con-boxed e-con e-parent\" data-id=\"71a479e\" data-element_type=\"container\" data-e-type=\"container\">\n\t\t\t\t\t<div class=\"e-con-inner\">\n\t\t\t\t<div class=\"elementor-element elementor-element-a2308ad elementor-widget elementor-widget-image\" data-id=\"a2308ad\" data-element_type=\"widget\" data-e-type=\"widget\" data-widget_type=\"image.default\">\n\t\t\t\t<div class=\"elementor-widget-container\">\n\t\t\t\t\t\t\t\t\t\t\t\t\t\t\t<img decoding=\"async\" width=\"1800\" height=\"1200\" src=\"https:\/\/www.mcl-menuiseries.com\/22\/wp-content\/uploads\/2024\/12\/Slide4-MCL-murs-ossature-bois.jpg\" class=\"attachment-full size-full wp-image-1397\" alt=\"\" srcset=\"https:\/\/www.mcl-menuiseries.com\/22\/wp-content\/uploads\/2024\/12\/Slide4-MCL-murs-ossature-bois.jpg 1800w, https:\/\/www.mcl-menuiseries.com\/22\/wp-content\/uploads\/2024\/12\/Slide4-MCL-murs-ossature-bois-300x200.jpg 300w, https:\/\/www.mcl-menuiseries.com\/22\/wp-content\/uploads\/2024\/12\/Slide4-MCL-murs-ossature-bois-1024x683.jpg 1024w, https:\/\/www.mcl-menuiseries.com\/22\/wp-content\/uploads\/2024\/12\/Slide4-MCL-murs-ossature-bois-768x512.jpg 768w, https:\/\/www.mcl-menuiseries.com\/22\/wp-content\/uploads\/2024\/12\/Slide4-MCL-murs-ossature-bois-1536x1024.jpg 1536w\" sizes=\"(max-width: 1800px) 100vw, 1800px\" \/>\t\t\t\t\t\t\t\t\t\t\t\t\t\t\t<\/div>\n\t\t\t\t<\/div>\n\t\t\t\t\t<\/div>\n\t\t\t\t<\/div>\n\t\t<div class=\"elementor-element elementor-element-043096e e-flex e-con-boxed e-con e-parent\" data-id=\"043096e\" data-element_type=\"container\" data-e-type=\"container\">\n\t\t\t\t\t<div class=\"e-con-inner\">\n\t\t<div class=\"elementor-element elementor-element-9203abd e-con-full e-flex e-con e-child\" data-id=\"9203abd\" data-element_type=\"container\" data-e-type=\"container\">\n\t\t\t\t<div class=\"elementor-element elementor-element-cd92f4d elementor-widget elementor-widget-text-editor\" data-id=\"cd92f4d\" data-element_type=\"widget\" data-e-type=\"widget\" data-widget_type=\"text-editor.default\">\n\t\t\t\t<div class=\"elementor-widget-container\">\n\t\t\t\t\t\t\t\t\t<h4>Ossature bois<\/h4><p>L&rsquo;ossature bois est une solution respectueuse de l&rsquo;environnement, utilisant une ressource renouvelable et durable. Le bois, en tant que mat\u00e9riau naturel, offre d&rsquo;excellentes performances en termes d&rsquo;isolation thermique et acoustique. Il contribue \u00e9galement \u00e0 la r\u00e9duction des \u00e9missions de CO2 gr\u00e2ce \u00e0 sa capacit\u00e9 \u00e0 stocker le carbone.<\/p><p>Les constructions \u00e0 ossature bois permettent une grande libert\u00e9 architecturale et une personnalisation pouss\u00e9e. Que ce soit pour des maisons contemporaines, des extensions ou des r\u00e9novations.<\/p>\t\t\t\t\t\t\t\t<\/div>\n\t\t\t\t<\/div>\n\t\t\t\t<\/div>\n\t\t\t\t\t<\/div>\n\t\t\t\t<\/div>\n\t\t\t\t<\/div>\n\t\t","protected":false},"excerpt":{"rendered":"<p>Charpentes traditionnelles et modernes Le savoir-faire en charpente de MCL s&rsquo;\u00e9tend de la r\u00e9novation \u00e0 la cr\u00e9ation de structures robustes, esth\u00e9tiques et durables. Qu&rsquo;il s&rsquo;agisse de charpentes traditionnelles ou modernes, chaque projet est r\u00e9alis\u00e9 avec une attention particuli\u00e8re apport\u00e9e aux finitions, \u00e0 la propret\u00e9 du chantier et au traitement des d\u00e9chets. R\u00e9novation de charpentes : [&hellip;]<\/p>\n","protected":false},"author":1,"featured_media":0,"parent":356,"menu_order":0,"comment_status":"closed","ping_status":"closed","template":"","meta":{"footnotes":""},"class_list":["post-439","page","type-page","status-publish","hentry"],"_links":{"self":[{"href":"https:\/\/www.mcl-menuiseries.com\/22\/wp-json\/wp\/v2\/pages\/439","targetHints":{"allow":["GET"]}}],"collection":[{"href":"https:\/\/www.mcl-menuiseries.com\/22\/wp-json\/wp\/v2\/pages"}],"about":[{"href":"https:\/\/www.mcl-menuiseries.com\/22\/wp-json\/wp\/v2\/types\/page"}],"author":[{"embeddable":true,"href":"https:\/\/www.mcl-menuiseries.com\/22\/wp-json\/wp\/v2\/users\/1"}],"replies":[{"embeddable":true,"href":"https:\/\/www.mcl-menuiseries.com\/22\/wp-json\/wp\/v2\/comments?post=439"}],"version-history":[{"count":20,"href":"https:\/\/www.mcl-menuiseries.com\/22\/wp-json\/wp\/v2\/pages\/439\/revisions"}],"predecessor-version":[{"id":1612,"href":"https:\/\/www.mcl-menuiseries.com\/22\/wp-json\/wp\/v2\/pages\/439\/revisions\/1612"}],"up":[{"embeddable":true,"href":"https:\/\/www.mcl-menuiseries.com\/22\/wp-json\/wp\/v2\/pages\/356"}],"wp:attachment":[{"href":"https:\/\/www.mcl-menuiseries.com\/22\/wp-json\/wp\/v2\/media?parent=439"}],"curies":[{"name":"wp","href":"https:\/\/api.w.org\/{rel}","templated":true}]}}